se
Is 25688681 composite?
False
Is 9539923 a prime number?
True
Is 79591877 a composite number?
False
Is 9956279 prime?
True
Is 121687939 a composite number?
False
Is 10915417 composite?
False
Is 222545051 composite?
False
Is 14780977 a prime number?
True
Is 11383651 a composite number?
True
Is 354336166 prime?
False
Is 16488223 composite?
False
Is 399366131 prime?
False
Is 165560366 a composite number?
True
Is 1731539 composite?
False
Is 1134031 a prime number?
True
Is 6665797 prime?
True
Is 350437459 a composite number?
False
Is 198541331 prime?
False
Is 1719701 composite?
False
Is 53129 a composite number?
False
Is 3105727 prime?
False
Is 213172129 a composite number?
True
Is 37218553 a composite number?
False
Is 223703 a composite number?
True
Is 9725369 a composite number?
True
Is 2869499 a prime number?
True
Is 9053362 prime?
False
Is 9469661 prime?
True
Is 238484569 a prime number?
True
Is 4803089 a prime number?
False
Is 12769199 composite?
False
Is 54094639 prime?
True
Is 831881 prime?
True
Is 2588531539 composite?
True
Is 3708649 composite?
True
Is 1011431 a prime number?
True
Is 206756183 a composite number?
True
Is 9951101 a composite number?
False
Is 10877303 composite?
False
Is 1102055 composite?
True
Is 359801105 prime?
False
Is 251241373 a prime number?
True
Is 6455861 prime?
False
Is 73748165 composite?
True
Is 88589617 composite?
False
Is 14472235 a composite number?
True
Is 40674869 a composite number?
True
Is 25531967 a prime number?
True
Is 7512163 prime?
False
Is 953621 a composite number?
False
Is 7748323 a composite number?
True
Is 20717159 a prime number?
True
Is 163691171 prime?
False
Is 740781347 a composite number?
True
Is 51145751 composite?
False
Is 85869673 prime?
True
Is 348696115 prime?
False
Is 11901059 a composite number?
True
Is 948419 a prime number?
False
Is 27853619 prime?
True
Is 14884145 a prime number?
False
Is 41762911 prime?
True
Is 3016483 a prime number?
True
Is 30473557 a prime number?
True
Is 9313235 prime?
False
Is 8332789 a composite number?
False
Is 152018453 a prime number?
True
Is 10285417 a composite number?
False
Is 38443487 a prime number?
True
Is 2376239 composite?
False
Is 14443621 prime?
True
Is 13019267 prime?
False
Is 583710947 a prime number?
True
Is 7081303 a prime number?
False
Is 86687789 a prime number?
True
Is 4945859 a composite number?
False
Is 66065687 prime?
True
Is 4337927 a prime number?
False
Is 29827249 composite?
True
Is 63181397 composite?
False
Is 20255371 prime?
True
Is 3717841 a composite number?
True
Is 12030149 a composite number?
False
Is 5729483 composite?
False
Is 209748377 a prime number?
True
Is 7700461 a prime number?
False
Is 52886641 a prime number?
True
Is 11157943 prime?
True
Is 26867693 composite?
False
Is 1639577 prime?
True
Is 78988541 a composite number?
True
Is 9371 prime?
True
Is 345857773 a prime number?
False
Is 682547 composite?
False
Is 42634621 a prime number?
True
Is 1976819 a prime number?
False
Is 1963223 a composite number?
True
Is 4900859 a prime number?
False
Is 18275821 a composite number?
True
Is 388787 prime?
False
Is 8535847 a composite number?
False
Is 558583 composite?
False
Is 71154263 a composite number?
False
Is 97990613 composite?
True
Is 5382911 a prime number?
False
Is 6276082 a prime number?
False
Is 15351951 a composite number?
True
Is 16416187 a composite number?
False
Is 319908031 composite?
True
Is 46986361 a composite number?
True
Is 25206487 composite?
False
Is 93417 prime?
False
Is 395072521 a prime number?
False
Is 896017 prime?
False
Is 577051 prime?
False
Is 1474097 a composite number?
False
Is 98306966 composite?
True
Is 62359079 a prime number?
True
Is 1168031 a composite number?
False
Is 78182119 a composite number?
False
Is 29809 prime?
False
Is 476977 a prime number?
True
Is 993626 a composite number?
True
Is 1289419 a prime number?
False
Is 5968471 prime?
True
Is 1579577 a prime number?
False
Is 22679161 composite?
True
Is 47521226 a prime number?
False
Is 4852481 a composite number?
False
Is 69625381 a prime number?
False
Is 4619969 a prime number?
True
Is 2255797 prime?
True
Is 2179679 a composite number?
False
Is 404087 a composite number?
True
Is 17385809 composite?
True
Is 83787797 a prime number?
True
Is 37999855 a prime number?
False
Is 75028521 composite?
True
Is 5021391 composite?
True
Is 45975665 composite?
True
Is 11805067 a composite number?
False
Is 43533961 a prime number?
True
Is 6523063 a prime number?
False
Is 1223977 prime?
True
Is 26238559 a composite number?
False
Is 18690173 a composite number?
False
Is 5414659 a composite number?
True
Is 8581701 composite?
True
Is 1218343 prime?
False
Is 57877007 a prime number?
False
Is 5222183 composite?
False
Is 10982929 a composite number?
False
Is 3754087 composite?
False
Is 71701033 composite?
False
Is 7959577 prime?
True
Is 12764317 prime?
True
Is 2468519 a prime number?
False
Is 79884949 prime?
False
Is 4316437 a prime number?
False
Is 15493767 composite?
True
Is 23473253 a prime number?
True
Is 20901233 composite?
False
Is 155213959 composite?
True
Is 60315169 prime?
False
Is 255313 a prime number?
True
Is 2066059 a composite number?
False
Is 83326751 a prime number?
False
Is 293767 prime?
True
Is 22328771 composite?
False
Is 18523929 a composite number?
True
Is 175183313 composite?
False
Is 742507 a prime number?
True
Is 54829603 a prime number?
True
Is 3584261 a prime number?
False
Is 4070783 a composite number?
True
Is 1268753 prime?
True
Is 25824623 prime?
False
Is 290166949 a composite number?
False
Is 1432027 a composite number?
True
Is 54180239 a prime number?
True
Is 1695187 prime?
False
Is 2913697 a composite number?
False
Is 3622373 composite?
False
Is 6256631 a prime number?
True
Is 23853203 composite?
True
Is 4870447 a composite number?
True
Is 4561373 a composite number?
True
Is 10054661 a prime number?
True
Is 9553333 prime?
False
Is 311461 prime?
False
Is 2459291 composite?
False
Is 5029991 prime?
True
Is 91894423 a composite number?
True
Is 19941905 a composite number?
True
Is 11384413 prime?
False
Is 173253 prime?
False
Is 658111 a composite number?
False
Is 115711955 a composite number?
True
Is 26594287 prime?
False
Is 751627 a composite number?
False
Is 255342455 composite?
True
Is 4150769 prime?
False
Is 4509679 a prime number?
False
Is 5876411 composite?
True
Is 504949 composite?
True
Is 55854614 a composite number?
True
Is 287739757 composite?
False
Is 693092467 prime?
False
Is 91351873 a composite number?
True
Is 10316653 a prime number?
True
Is 1719377 a prime number?
False
Is 281867 prime?
True
Is 50329981 prime?
False
Is 19269047 a composite number?
True
Is 15341869 composite?
True
Is 166011931 prime?
False
Is 57504223 prime?
False
Is 50862157 a prime number?
True
Is 6786901 prime?
False
Is 4491163 a prime number?
False
Is 6619465 prime?
False
Is 327550021 a prime number?
False
Is 1120493 prime?
False
Is 250027 a composite number?
False
Is 3942551 a composite number?
False
Is 1851629 a composite number?
True
Is 52466159 prime?
False
Is 224649361 a composite number?
False
Is 10584829 a composite number?
True
Is 9820037 composite?
False
Is 16286807 a composite number?
False
Is 33988561 composite?
False
Is 401467 prime?
False
Is 13432379 composite?
True
Is 233113 prime?
True
Is 7116619 a composite number?
False
Is 4367827 composite?
True
Is 82536617 prime?
True
Is 983259449 a composite number?
False
Is 4336043 a prime number?
False
Is 313381 a prime number?
True
Is 16668851 a composite number?
False
Is 29414543 a prime number?
False
Is 38897771 a composite number?
True
Is 9004739 prime?
True
Is 18713969 prime?
False
Is 3352367 prime?
False
Is 111466651 composite?
False
Is 23046321 prime?
False
Is 66512171 a composite number?
True
Is 555637 a composite number?
False
Is 4735811 composite?
True
Is 57161513 a composite number?
True
Is 7672711 composite?
False
Is 93539671 prime?
True
Is 6940123 a composite number?
False
Is 93482479 prime?
True
Is 169967929 prime?
True
Is 165467609 a prime number?
True
Is 648563 prime?
True
Is 6086987 a composite number?
True
Is 1740223 composite?
False
Is 42177269 a composite number?
False
Is 24096763 a composite number?
False
Is 8273257 prime?
True
Is 3907879 a prime number?
False
Is 151